180 = 0. Calculate the remainder when w is divided by 32.
26
Let v(i) = 4*i - 27. Let p(l) = l**2 - 2*l + 6. Let j be p(2). Let t be v(j). What is the remainder when 97 is divided by (-20)/t*(-15)/(-24)*6?
22
Let g(n) = n**3 + 32*n**2 + 4*n + 125. Let u(c) = c**3 + 32*c**2 + 4*c + 126. Let d(m) = -5*g(m) + 4*u(m). Calculate the remainder when d(-32) is divided by 3.
1
What is the remainder when 0/((-20)/4) + 17*(28 - -4) is divided by 102?
34
Suppose 11*i + 141 = 130*i - 5452. Calculate the remainder when i is divided by 4.
3
Suppose 0 = 3*y - 2*b + 460, 3*y - 3*b = -703 + 238. Let d = y + 169. What is the remainder when 71 is divided by d?
14
Let w be -6*(28/(-8))/(-7). Let c(i) = 8*i**2 - 17*i + 24. What is the remainder when (-3)/6*(-79 + w) is divided by c(2)?
19
Let a(d) = -3*d**2 + 3*d + 2. Let f be a(3). Let z = 3 - f. Let l(n) = n + 17. What is the remainder when z is divided by l(-6)?
8
Suppose 0 = 16*x - 225 - 31. Let o be (-6)/9 - 102/(-18). Suppose -r + 3*n = -2 - 2, 0 = o*r + 3*n - 56. What is the remainder when x is divided by r?
6
Let c(f) = 5*f - 7. Let v be c(7). Suppose 0 = -v*y + 32*y - 180. What is the remainder when 79 is divided by y?
34
Let b = 5 - -20. Suppose 20 = 9*h - b. What is the remainder when 183 is divided by h?
3
Suppose 5*p + 2505 = 5*q, -2*q - p + 1008 = 3*p. Suppose -3*n - 2*r = 3*r - q, -3*n = -4*r - 484. Calculate the remainder when n is divided by 11.
10
Suppose 12*w = 11 + 1. What is the remainder when (25*w)/((-47)/(-141)) is divided by 11?
9
Suppose -16 = 116*h - 112*h. Let b(k) be the first derivative of 4*k**3/3 + 7*k - 2. Calculate the remainder when b(h) is divided by 27.
17
Let f(d) = d**3 + 6*d**2 - 4*d + 5. Let x be f(-5). Let z = x - 47. Calculate the remainder when 2/z + 94/3 is divided by 18.
14
Let s(h) = -h**3 + 16*h**2 - 16*h + 30. Let c be s(15). Let r = c - -98. What is the remainder when r is divided by 23?
21
Let g(m) = m. Let r be g(5). Suppose -r*i - 173 = 5*n + 372, -i = 5*n + 557. Let y = n + 158. What is the remainder when y is divided by 24?
22
Suppose 4*a + 2 + 2 = 0, 4*a = 3*w - 427. Suppose 3 - 80 = -7*g. What is the remainder when w is divided by g?
9
Let m = 190 - 130. Let d(r) = 14*r - 228. Calculate the remainder when m is divided by d(18).
12
Let v(a) = 15*a**2 + 7*a + 8. Let h be v(-4). Suppose h = 4*l - 944. Calculate the remainder when 2 + l/9*3 is divided by 26.
21
Let j(g) = -62*g + 46. What is the remainder when j(-1) is divided by 35?
3
Suppose -5*b = 5*c - 315, 0*b = -c + b + 55. Calculate the remainder when 118*1 - (7/21*6 + -4) is divided by c.
2
Suppose 5*v - 664 = -2*c, 37*v + 4*c = 41*v - 548. Calculate the remainder when v is divided by 133.
1
Suppose 0 = -4*q + 5*k + 4037 + 14097, -q + 2*k = -4538. Calculate the remainder when q is divided by 30.
26
Suppose 774*p + 53792 = 790*p. Calculate the remainder when p is divided by 1117.
11
Suppose s = 4*s - 15. Suppose -n - q - 3 = 0, 6*n - 4*q = 3*n - 9. Let l(o) = 14*o + 63. What is the remainder when l(n) is divided by s?
1
Suppose -p - 4*l + 19 = -4, -p + 13 = 2*l. Suppose -4*y - 4 = 0, -y = p*t + 3*y + 1. Calculate the remainder when 25 is divided by (-5 - -2) + (t/1 - -13).
3
Let y = -2663 - -2693. Calculate the remainder when 317 is divided by y.
17
Let o(k) = -4*k - 7. Let g be o(0). What is the remainder when -9 - (g + (-158 - -7)) is divided by 25?
24
Let w be 812/(-5) - (0 + 10/(-25)). Let h be 10/(-4)*w/45. Suppose -39 = -6*p + h. What is the remainder when p is divided by 3?
2
Let x = 277 - -523. Suppose -3*c = q - x, -1074 = -4*c - 20*q + 15*q. What is the remainder when c is divided by 10?
6
Suppose -1190*g + 1209*g - 12198 = 0. What is the remainder when g is divided by 67?
39
Let d = -15632 + 16318. Calculate the remainder when d is divided by 160.
46
Let s = 191 + -189. Suppose s*d = 4, -2*d + 91 = -2*i + 5*i. What is the remainder when 288 is divided by i?
27
Suppose -596 - 133 = -9*c. Suppose c = 2*l + 35. Calculate the remainder when 54 is divided by (l + -34)*1*-1*1.
10
Let z be 285/6 - (-45)/(-18). Let h = -42 + 109. What is the remainder when h is divided by (-6)/z - 424/(-30)?
11
Let w = 9138 - 9014. What is the remainder when 264 is divided by w?
16
Suppose 8 = -4*s, -8*s = 3*o - 12*s - 158. Let p be (4 - 2)*(-5 + 9). What is the remainder when o is divided by (-19 - -4)/((-6)/p)?
10
Suppose -j = 5*r - 35, -780*j = -5*r - 777*j - 5. Suppose q = -q + 38. What is the remainder when q is divided by r?
4
Suppose -142*b + 8955 + 2973 = 0. What is the remainder when 909 is divided by b?
69
Suppose 4*n + 3*r - 69 = 0, 4*r + 20 + 42 = 2*n. Suppose -3*y = n - 138. Calculate the remainder when 191 is divided by y.
35
Let c be (3 - (4 - 0)) + -90. Let q = c + 140. Let g = -14 + q. Calculate the remainder when 139 is divided by g.
34
Let c(x) = 3*x**2 + 3*x + 2. Let j = -22 + 25. Suppose 0 = -j*b - 12, 3*u = 3*b - 21 + 69. What is the remainder when c(-3) is divided by u?
8
Let j(y) = -12*y**3 - y**2 + 16*y - 70. Let i(o) = 7*o**3 + o**2 - 8*o + 35. Let x(q) = -5*i(q) - 3*j(q). Calculate the remainder when x(5) is divided by 12.
10
Suppose -4*u - j + 16 = 0, -2*u + u + 4 = j. Calculate the remainder when (12/u)/(6/44) is divided by 8.
6
Let i be (-4199)/(-76) + 2/(-8)*1. Suppose -7*x + 4*x - 4*m = 31, -3*x = -5*m - 5. What is the remainder when (1298/i)/((-1)/x - 0) is divided by 41?
36
Let b = 12 - -13. Let i be 3/(-4) - (-888)/32. Suppose -25 - i = -4*a. What is the remainder when b is divided by a?
12
Let h(n) = 6 - 602*n**2 - 31 + 4*n + 603*n**2. What is the remainder when 66 is divided by h(-10)?
31
Let d(m) = 14*m**2 + 73*m. Suppose 4*o + 24 = -4*p, -2*p + 45 = -5*o + 15. What is the remainder when 250 is divided by d(o)?
52
Suppose 3*b = -5*r + 138, -3*b - 482 = -12*r - 110. Calculate the remainder when -2*(-4)/(8/105) is divided by r.
15
Let o(r) = 50*r**2 - r - 1. Let g be o(-1). Let x be (-3)/6*-8 + -37. Let i = g + x. What is the remainder when 32 is divided by i?
15
Suppose -5*a - 2*u + 828 = 0, 0 = -2*a + 4*u + 164 + 196. What is the remainder when 670 is divided by a?
166
Suppose 4*w - 334 = -3*p + 1289, 3*p = -3*w + 1221. What is the remainder when w is divided by 57?
3
Suppose -2*s = 3*s - 580. Let u = s + -87. What is the remainder when u is divided by 6?
5
Let b be 4164/(-28) + -2 + (-24)/(-14). Let z = b - -211. What is the remainder when z is divided by 7?
6
Calculate the remainder when (90/(-105))/(27/(-14049)) is divided by 32.
30
Suppose 3*d + d + 12 = 0. Let b = -7 + 9. What is the remainder when b is divided by (d - 9/(-3)) + 1/1?
0
What is the remainder when 880 is divided by (-180)/(-168)*7*(-168)/(-10)?
124
Suppose 0 = 5*h - 3*s - 24, -h + 8*s - 4*s + 15 = 0. Suppose 3*p - 483 = -3*z, 0 = -h*z + 3. What is the remainder when p is divided by 23?
22
Calculate the remainder when 257/4*(88/220)/((-4)/(-40)) is divided by 241.
16
Suppose 2*o - 5*o - 4 = d, -5*o = d + 10. Calculate the remainder when (o/2)/(-7 + 946/136) is divided by 17.
0
Suppose 82*m - 85*m = -450. What is the remainder when 299 is divided by m?
149
Suppose 14*n - 3091 - 7297 = 0. Suppose 2*b = -5*b + n. Calculate the remainder when b is divided by 18.
16
Suppose 290*c - 288*c = -5*d + 9944, 3*d + 3*c - 5970 = 0. What is the remainder when d is divided by 221?
220
Let j = 453 + -386. Suppose 4*q - 3*s + 24 = j, 0 = 5*q + 3*s - 47. Calculate the remainder when 13 is divided by q.
3
Let h = -91 + 90. Calculate the remainder when 235 is divided by 51 - (-16)/(-4) - h.
43
Suppose t = -5 + 19. Let z(r) = 5*r - 26. Let i be z(30). Suppose 2*b - i = -4*y, 0 = -2*b - 3*b + 5*y + 250. What is the remainder when b is divided by t?
12
Suppose -3*a + 68 + 49 = 0. Suppose 15*f = 95*f - 720. What is the remainder when a is divided by f?
3
Suppose 13*f - 9033 = -1051. What is the remainder when f is divided by 199?
17
Let o = -30 - -30. Suppose o*f = f - 11. Let t = 7 + f. What is the remainder when 51 is divided by t?
15
Let p be ((-14)/(-7) - 5) + -1 + -116. What is the remainder when 54 is divided by (-1980)/p*2/3?
10
Let l be -6*((-5)/(-1))/(-10). Let q(t) = -2*t - 10 - 6*t + 4*t + l*t. Calculate the remainder when 6 is divided by q(-14).
2
Calculate the remainder when 1007 is divided by 0 + 20 - (-50 - -56).
13
C